 (t + 1)*864/32 is divided by 44.
37
Let c(o) = -71*o - 200. Calculate the remainder when c(-9) is divided by 61.
12
Let s(m) = -15*m + 99. Let r = 229 + -237. What is the remainder when s(r) is divided by 47?
31
Suppose -4*x = -3*q - 21, -x - 2 + 11 = -2*q. Let u = 3 - 3. Suppose 6 = -r + x*s, 3*s = -2*r - u*r + 15. Calculate the remainder when 4 is divided by r.
1
Suppose 0 = 18*g - 24*g. What is the remainder when 4 - (g - -1) - (-1 - 65) is divided by 18?
15
Let i = 1268 - 1262. Suppose 0 = 5*h + 80 + 330. Calculate the remainder when (-1)/(-3) + h/(-6) is divided by i.
2
Let z = 409 - 383. Calculate the remainder when 570 is divided by z.
24
Let b = -53 - -55. Suppose -b*q - 18 = -m, -9*m + 45 = -5*m + q. Calculate the remainder when 214 is divided by m.
10
Suppose 0 = 4*k - 5*g - 569, -38*g + 42*g - 524 = -4*k. Suppose -k*u = -113*u - 3128. What is the remainder when u is divided by 50?
36
Let c = -22 + 28. Suppose k - 3*l - 36 = 3*k, 3*l = c. Let b = k - -25. What is the remainder when 4 is divided by b?
0
Let n be (-1 - 0) + (-5 - -19 - 9). Suppose -20*k = 2*l - 15*k - 145, 2*k + 254 = n*l. Calculate the remainder when l is divided by 14.
9
Let f(q) = 3*q + 2. Let t = -155 - -176. What is the remainder when f(t) is divided by 22?
21
Let b = 9 - 9. Suppose 2*l + k + 15 = b, -3*l - 46 = 5*k - 13. What is the remainder when 3 + 2 + (l - -6) is divided by 3?
2
Let y(z) = -522*z**3 + 4*z**2 + z + 2. Let t be y(-1). Let v = -294 + t. What is the remainder when v is divided by 79?
75
Let r be (4 + -4)/(3 + -1). Suppose 318 - 72 = 2*u. Suppose u = p - r*p. Calculate the remainder when p is divided by 42.
39
Suppose 20*i = 1298 + 382. Calculate the remainder when 326 is divided by i.
74
Let o be -1 + 9 - 2*3/(-2). Suppose -o*z + 14 + 19 = 0. Suppose -180 = -2*t - 5*l, -65 = -z*t + 4*l + 182. Calculate the remainder when t is divided by 43.
42
Suppose -20*a - 7441 = -8261. Calculate the remainder when -1 + 0 + 61*2 is divided by a.
39
Suppose -17*t + 5482 = 4972. What is the remainder when 6839 is divided by t?
29
Let z = 23 - 16. Let c = 30 - 45. Let g = 18 - c. What is the remainder when g is divided by z?
5
Let x(q) = 3*q**2 + 3*q + 3. Let z be x(-4). Suppose 7*c + z = 11. Calculate the remainder when 90 is divided by (28/(-42))/(c/(-69))*-2.
21
Suppose 0 = 3*b - 13 + 4. Suppose -8*m - 20 = -3*m, -b*m - 87 = -5*i. Let c = 20 + i. What is the remainder when c is divided by 12?
11
Suppose 16*l = 224 + 1312. Calculate the remainder when 335 is divided by l.
47
Let f(b) = 8*b - 22. Let u = 28 - 20. Let t be f(u). Suppose -6*x + t = -2*x - 2*w, 4*w = 5*x - 57. Calculate the remainder when x is divided by 4.
1
Suppose v = -5*s + 1971, -21*s - 2*v = -24*s + 1193. What is the remainder when s is divided by 194?
7
Let i(v) be the second derivative of 52*v**3/3 - 12*v. Let b be i(9). Suppose 4*w - b + 196 = 0. Calculate the remainder when w is divided by 47.
44
Let f = 593 - 559. Suppose 4*q - 3*q + 386 = 3*w, -4*q + 520 = 4*w. What is the remainder when w is divided by f?
27
Let m(q) = 284*q**2 - 3*q - 2. Let f be m(-2). Suppose -4*t - 16 = -f. What is the remainder when t is divided by 47?
46
What is the remainder when 4/6*(-2 - (9 - 12))*2007 is divided by 134?
132
Suppose 2*k + 5*b - 278 = 0, 102*k - 107*k = 2*b - 695. What is the remainder when 1087 is divided by k?
114
Let b = -148 + 144. Calculate the remainder when 4 - ((-4)/(-4)*b + -93) is divided by 35.
31
Let g = 1843 - 1482. What is the remainder when g is divided by 113?
22
Let a(h) = 7*h + 87. Suppose -192 = -11*y + 27*y. Calculate the remainder when a(y) is divided by 2.
1
Let o(i) = i**2. Let h be -8 + 7/7*-2. Calculate the remainder when o(7) is divided by 2/(-1)*65/h.
10
Let f = -4094 - -4154. What is the remainder when 592 is divided by f?
52
Suppose 2*c - 17*v + 13*v - 202 = 0, -c - 4*v + 113 = 0. Calculate the remainder when 185 is divided by c.
80
Let a(d) = -874*d - 8719. What is the remainder when 3868 is divided by a(-10)?
4
Calculate the remainder when 943 is divided by 88/99*(-3 + 0)*-174.
15
Calculate the remainder when 5266 + 1 + -1 - (-170 + 175) is divided by 56.
53
Let y(n) = -57*n**2 + 17*n + 19. Let o(c) = -19*c**2 + 6*c + 6. Let t(f) = 17*o(f) - 6*y(f). Calculate the remainder when t(-3) is divided by 59.
41
Let r be (-4)/(5 - (-555)/(-110)). What is the remainder when 196 is divided by (-728)/(-11) - 16/r?
64
Let a(g) = 64*g**2 - 2228*g - 76. Calculate the remainder when a(35) is divided by 51.
38
Calculate the remainder when 315 - (-1 + 0 - (-2 + 7)/5) is divided by 50.
17
Let l = -18644 - -18686. What is the remainder when 1855 is divided by l?
7
Let f = -418 + 451. Suppose f*m = 59*m - 1950. Let a(x) = 5*x + 1. Calculate the remainder when m is divided by a(5).
23
Suppose 0 = -b - 2*o + 429, -o + 1681 = -29*b + 33*b. What is the remainder when 4613 is divided by b?
4
Calculate the remainder when 87/(-58) + (-1)/(8/(-5884)) is divided by 237.
23
Let g(j) be the first derivative of j**2 - j - 14. Let h = -229 + 332. Calculate the remainder when h is divided by g(7).
12
Let l(k) = -12*k + 7. What is the remainder when l(-7) is divided by 50/(-8)*768/(-192)?
16
Let f(s) = 3*s**2 - 61*s + 270. Calculate the remainder when 1915 is divided by f(5).
35
Suppose -126 = -2*r + 4*s, 0 = 242*r - 244*r - 4*s + 94. Calculate the remainder when 353 is divided by r.
23
Suppose -39262*a + 2028 = -39256*a. Calculate the remainder when a is divided by 37.
5
Let n be 150964/282 + 8/(-6). Let c = -4 + 7. What is the remainder when n/60 + (-15)/(-150) is divided by c?
0
Suppose 0 = -5*i + 568 + 292. Let g = 407 - i. Suppose 4*v = -v + g. What is the remainder when v is divided by 16?
15
Let t = -333 + 438. Let y = t + -34. Calculate the remainder when 138 is divided by y.
67
What is the remainder when 124 is divided by (-3360)/(-99) + (-8)/(-132)?
22
Suppose 5*h - 6606 = -3*j, h + 3*j - 262 = 1064. Let w = 1943 - h. Calculate the remainder when w is divided by 39.
38
What is the remainder when 829 is divided by (-2)/(-4)*1 - (-165)/10?
13
Suppose 0 = 13*x + 2*x + 3600. Let a = 393 + x. Let c = -32 - -71. What is the remainder when a is divided by c?
36
Let z = -34431 + 34545. What is the remainder when 906 is divided by z?
108
Suppose -145 = -3*n - 2*n. Suppose 24975 = 56*f + 79463. Let c = 1115 + f. Calculate the remainder when c is divided by n.
26
Suppose -2*k + 8 = 0, 49*z - 5*k = 48*z + 349. Calculate the remainder when z is divided by 10.
9
Let y = 572 + -345. Let o = 68605 - 68584. What is the remainder when y is divided by o?
17
Let i(f) = f**3 + 10*f**2 + 15*f + 16. Let a be i(-8). Suppose -29*p + 130 = -a*p. What is the remainder when 205 is divided by p?
23
Let i(b) = -b**2 + 7*b + 62. Suppose -8*w + 2*k = -6*w - 12, -3*w + 50 = 5*k. Calculate the remainder when 255 is divided by i(w).
31
Let a = 73 - 69. Suppose a*s = -6*s + 1190. Let i(u) = 2*u**2 - 2. Calculate the remainder when s is divided by i(4).
29
Let s = 2799 - 2744. What is the remainder when 542 is divided by s?
47
Suppose 11*n - 80 - 349 = 0. Calculate the remainder when 53 is divided by -6 - (-6 + 8 - n).
22
Suppose -1574 - 600 = -112*l + 66. Calculate the remainder when l is divided by 14.
6
Suppose 3*s - 12675 = -2*u, -35*s + 5*u = -38*s + 12693. What is the remainder when s is divided by 88?
85
Let m be 2*(-25 + 3/3). Let c = 78 + m. Suppose 0 = 2*a - 4*u - 28, 8*a - 3*u = 6*a + 29. Calculate the remainder when c is divided by a.
14
Let u = -62 + 228. Let t = -151 + u. Calculate the remainder when 59 is divided by t.
14
Suppose -5*h = 0, -4*h + 8*h - 462 = -3*n. Let s(q) = -2*q - 63. Let o be s(11). What is the remainder when n is divided by ((-663)/o)/(2/10)?
37
Suppose 9603 = 20*b + 13*b. Let k = 366 - b. Calculate the remainder when k is divided by 21.
12
Suppose -268*m + 267*m = -34. Let s = 52 - -83. Calculate the remainder when s is divided by m.
33
Let n(m) = 3*m**3 - 140*m**2 - 185*m - 171. Suppose -5*w + 3*h + 185 = 0, -3*w - 3*h + 87 = -0*w. Calculate the remainder when n(48) is divided by w.
29
Let c(d) = -16*d - 4. Let x be c(19). Let r = 340 + x. Calculate the remainder when 476 is divided by r.
28
Let p(a) = 3*a - 2. Let v be 4/(-64)*-6 - 986/(-16). Suppose -6 = u + 5*z, -5*u + 53 = -4*z 